6
In base 16, what is -121e6 + -244?
-1242a
In base 5, what is 23401 - 3433240?
-3404334
In base 9, what is 258116 - -5?
258122
In base 3, what is 2 + -221100112220?
-221100112211
In base 4, what is 2300232 + -223?
2300003
In base 5, what is -13404 + 11031403?
11012444
In base 15, what is -8362dd - -1?
-8362dc
In base 2, what is -11000110101000111110001100010 - -10?
-11000110101000111110001100000
In base 9, what is 328423528 - -4?
328423533
In base 16, what is 13c61a - 6f?
13c5ab
In base 12, what is -a - 15a47033?
-15a47041
In base 5, what is 1311314 + 123442?
1440311
In base 16, what is -a + -2008d2?
-2008dc
In base 14, what is -3 + ad1719?
ad1716
In base 9, what is 1385138 + -25?
1385113
In base 15, what is 17ed3a6 + 5?
17ed3ab
In base 6, what is -210011543 - 2?
-210011545
In base 5, what is -4 + 100213214?
100213210
In base 7, what is -125311266 - 5?
-125311304
In base 2, what is -10101011011101 - 100111100000?
-11010010111101
In base 16, what is -23a - -1888?
164e
In base 12, what is -222973b + 1?
-222973a
In base 14, what is -68 - 5b045?
-5b0ad
In base 11, what is -60 + -166349?
-1663a9
In base 16, what is 169 - 9e48?
-9cdf
In base 14, what is 7a885a1a + -5?
7a885a15
In base 16, what is -8 - -34c039?
34c031
In base 5, what is -12113124 - -1?
-12113123
In base 14, what is 4 - c48c26?
-c48c22
In base 10, what is 175 + -111923?
-111748
In base 7, what is -546 + 1413353?
1412504
In base 6, what is -111434 + -5050?
-120524
In base 3, what is 1120120200012012102 - 10?
1120120200012012022
In base 16, what is 256ba - 2a3?
25417
In base 4, what is 201 + 101022102210?
101022103011
In base 4, what is 1 - 10022010013203?
-10022010013202
In base 15, what is 3 + 1176ca88?
1176ca8b
In base 4, what is -203033 + -32023110?
-32232203
In base 10, what is 3 - -25681808?
25681811
In base 5, what is 10 + 24231013?
24231023
In base 8, what is 45 - 56024157?
-56024112
In base 7, what is -10342 - -211052?
200410
In base 16, what is 2bb4b - f?
2bb3c
In base 11, what is 2a - 23996?
-23967
In base 15, what is 17b54d42 + -1?
17b54d41
In base 5, what is -10 + -21200121?
-21200131
In base 5, what is -10414332 - 42?
-10414424
In base 11, what is -89 - -48520?
48442
In base 6, what is 2015231 + 524?
2020155
In base 15, what is a - 1590b32?
-1590b27
In base 8, what is 11336624 - 41?
11336563
In base 6, what is 102 - -213433150?
213433252
In base 10, what is 920 - -169154?
170074
In base 14, what is -112a368 - 1?
-112a369
In base 4, what is 1331 - -1223132332?
1223200323
In base 14, what is 5 + 1a9a5352?
1a9a5357
In base 11, what is 3a750 + 10a2?
40842
In base 12, what is -43b + 4034?
37b5
In base 7, what is -1233 - 401?
-1634
In base 9, what is 1 + -2371583?
-2371582
In base 4, what is -221 + 20211013120?
20211012233
In base 14, what is 141c + -2da35?
-2c617
In base 8, what is 16014050 + 4?
16014054
In base 9, what is 1 - -2025570?
2025571
In base 12, what is 509b85 - 11?
509b74
In base 13, what is 8 + -4bc571?
-4bc566
In base 13, what is -172547 + -2b?
-172575
In base 8, what is 407231 - 352?
406657
In base 11, what is -4 + 83073a40?
83073a37
In base 13, what is -398b3 + b?
-398a5
In base 11, what is -133270a3 - 2?
-133270a5
In base 9, what is -1786 + -7007?
-8804
In base 16, what is -3f4a - d6?
-4020
In base 8, what is -103115611 - -3?
-103115606
In base 11, what is 74409 - -8777?
82085
In base 10, what is 106 + -8702?
-8596
In base 5, what is 1400022 + 4444?
1410021
In base 4, what is -112 - 32212111213?
-32212111331
In base 12, what is 3899333 + -71?
3899282
In base 2, what is -11 - -10101101000110101100111?
10101101000110101100100
In base 5, what is -140303 + -4320?
-200123
In base 10, what is 7399 + 29?
7428
In base 4, what is 11 - -2012301322113?
2012301322130
In base 12, what is b + 1b526?
1b535
In base 12, what is -311a2 + -4a?
-31230
In base 11, what is -832578a + 3?
-8325787
In base 8, what is -3764 - 602734?
-606720
In base 8, what is -5 + -1276065?
-1276072
In base 11, what is 40398 - -1694?
41a81
In base 9, what is -1358850 - -5?
-1358844
In base 6, what is 503 + 1542413?
1543320
In base 4, what is 2002 - -31220010?
31222012
In base 11, what is -22a74890 + 0?
-22a74890
In base 12, what is -577 + -876?
-1231
In base 2, what is 100 - 10001000011001110111100001?
-10001000011001110111011101
In base 2, what is -101 - -100010100101010111100010111?
100010100101010111100010010
In base 10, what is 499571 + -35?
499536
In base 11, what is -2 + 205a256?
205a254
In base 10, what is 1720098 + 2?
1720100
In base 5, what is -1 + 200340344?
200340343
In base 7, what is 5 - -30433552?
30433560
In base 6, what is 214 + -2104125?
-2103511
In base 10, what is 1 + -5314989?
-5314988
In base 3, what is -20111010012 - 101212?
-20111112001
In base 9, what is -55 + -1815240?
-1815305
In base 4, what is 300221031312 + 130?
300221032102
In base 9, what is -4074 - 74725?
-78810
In base 15, what is -18 + -1d1362?
-1d137a
In base 14, what is 320758 - 1?
320757
In base 10, what is -3 - 54498080?
-54498083
In base 8, what is 6026330 + -65?
6026243
In base 9, what is -218840 - -417?
-218422
In base 15, what is 19a - 2b32a?
-2b180
In base 6, what is 524 + 1131401?
1132325
In base 14, what is -18c76b6b + 1?
-18c76b6a
In base 6, what is -5530 - 4441?
-14411
In base 3, what is 21210101022010 - 0?
21210101022010
In base 6, what is 4 + -155245232?
-155245224
In base 7, what is 11121336 - -24?
11121363
In base 8, what is 335 + -2472?
-2135
In base 15, what is 7b6db + -26?
7b6b5
In base 2, what is -10011 - -100111011110100000?
100111011110001101
In base 4, what is 13100 - 21002123?
-20323023
In base 13, what is -1a3 + -147867?
-147a3a
In base 4, what is -303132310 + -20?
-303132330
In base 14, what is 362210 - -30?
362240
In base 5, what is -331340120 + -124?
-331340244
In base 13, what is 1 - 12976925?
-12976924
In base 15, what is a + -1b7c6ec?
-1b7c6e2
In base 7, what is -243530523 - 1?
-243530524
In base 13, what is -c539228a - 1?
-c539228b
In base 14, what is d - -3d787?
3d796
In base 8, what is 26730632 - 5?
26730625
In base 16, what is b6 - -faa7?
fb5d
In base 6, what is -134 + 31332001?
31331423
In base 7, what is -3002 + -14434?
-20436
In base 15, what is -2c51a3b + 5?
-2c51a36
In base 14, what is -1 + -150260c?
-150260d
In base 15, what is -85d + -1c493?
-1cd01
In base 4, what is -233211 + -121133030?
-122032301
In base 6, what is 55 - 5355524?
-5355425
In base 2, what is -10111111110 + -10011101001110?
-10110101001100
In base 14, what is -a38949 + -a?
-a38955
In base 16, what is -2e04e5 - -3?
-2e04e2
In base 3, what is -212210111011 + -22112?
-212210210200
In base 14, what is -1065cb75 + 2?
-1065cb73
In base 15, what is -4 - -9b19b8?
9b19b4
In base 12, what is 12774 + 2327?
14a9b
In base 8, what is 20642 + 1162?
22024
In base 10, what is 252834 - -271?
253105
In base 11, what is 1753 - -29795?
30438
In base 15, what is 4d9c4 - a6?
4d91d
In base 15, what is -4ec4ee4a - 1?
-4ec4ee4b
In base 5, what is -3204 - -101021410?
101013201
In base 2, what is -10100001000010001 + -1000110101?
-10100010001000110
In base 13, what is 32b956 - 17?
32b93c
In base 9, what is 327216 - -37?
327254
In base 6, what is -12 + -101345535?
-101345551
In base 8, what is 175663 - -145?
176030
In base 8, what is -430526 - -77?
-430427
In base 4, what is 3121 + 20033222330?
20033232111
In base 4, what is 230232333 - 21?
230232312
In base 5, what is 132102 + 23202414?
23340021
In base 2, what is -100100110110001 + -11101000?
-100101010011001
In base 8, what is 623374 + 6?
623402
In base 15, what is 329a16 - -152?
329b68
In base 6, what is 3304405 + 202?
3305011
In base 12, what is -11 - b951a35?
-b951a46
In base 14, what is -90bc + -12?
-90d0
In base 9, what is -317801123 - 2?
-317801125
In base 8, what is 27240307 - 11?
27240276
In base 3, what is 122222002011222201 + -12?
122222002011222112
In base 6, what is 1233411410 - -3?
1233411413
In base 13, what is -1a - 16933?
-16950
In base 15, what is -2 + 91b76c5?
91b76c3
In base 13, what is acb - 18491?
-17693
In base 15, what is 8e66 - -142a?
a391
In base 12, what is -6 + 5a9101?
5a90b7
In base 10, what is 220130 + -5?
220125
In base 15, what is 3 + -74b4c76?
-74b4c73
In base 13, what is 1 - 4896aa?
-4896a9
In base 10, what is 19 + -1954254?
-1954235
In base 9, wh